etermine t(b).
6
Let y(l) = -3*l + 0*l + l + 1. Let m = 18 - 16. Suppose 2*s - m = -8. What is y(s)?
7
Let g = -1 - 0. Suppose p + 2 = 2*p. Let o(n) = 1 + p*n + 0 - 4*n. Give o(g).
3
Suppose 0*h + 4*h + 8 = 0. Let n(c) = 2*c**3 + 4*c**2 + 2*c - 2. What is n(h)?
-6
Suppose 16 = 5*o + 3*x - 9, 0 = -3*o + 4*x + 15. Let r be (o/4)/(6/(-24)). Let l(p) = -p. Let w(q) = -4*q + 1. Let d(m) = 5*l(m) - w(m). What is d(r)?
4
Suppose -2*x = -x - 3. Suppose -11 = x*z + 1. Let i(j) = 3 - 5*j - 4 - j**2 - 2 + 5. What is i(z)?
6
Let i(c) = c**2 + 9*c + 7. Let g = 8 + -2. Let x = -12 + g. What is i(x)?
-11
Suppose -2 = z + 1. Let v be z/(-9) + 40/(-12). Let p(i) = -i**2 - i + 4. Determine p(v).
-2
Suppose 0 = -11*n + 12*n - 2. Let j(z) be the first derivative of 1 - 5/2*z**n + z. Give j(2).
-9
Let k be 6/(-27) + 50/(-18). Let d(h) = h + 4. Let l be d(k). Let r(p) be the second derivative of -2*p**3/3 + p. What is r(l)?
-4
Let u(d) = -d**2 + 4*d - 4. Let w = 12 + -6. Let x(o) = -o**2 + 5*o - 4. Suppose 0 = -t - c, 0 = 4*c - 22 + 2. Let y(l) = t*x(l) + w*u(l). What is y(0)?
-4
Let n(c) = -c**3 + 3*c**2 + 4*c + 3. Let r(x) = x + 6. Let a be r(-10). Let i = -7 - a. Let s be 0/(i + 5) - -4. Calculate n(s).
3
Let j(c) = -c - 1. Let w = 4 - 1. Suppose 5*r + 3*k - 8 + 34 = 0, -w*r - 5*k = 22. Give j(r).
3
Let u(l) = -7*l + 5. Let j(r) = r - 1. Let i(f) = -6*j(f) - u(f). Suppose -4*x + 7*x = -3. Calculate i(x).
0
Let g(j) = 4*j + 2. Let k(v) = -1. Let h = -6 - -5. Let x be -2*(2/4)/h. Let c(p) = x*g(p) - k(p). Determine c(-3).
-9
Let t(k) = k**2 - 3*k + 8. Let u(g) = g**2 - g + 6. Let i(p) = p**2 + 5. Let m(r) = -3*i(r) + 4*u(r). Let v(b) = 6*m(b) - 7*t(b). Calculate v(-4).
-6
Let n(x) = -3*x**2 - 2*x + 1. Let k = 10 + -12. Give n(k).
-7
Let r = 5 - 0. Suppose -k - 8 = -r*k. Suppose -g = 2*s - 6, -g + 4*s - 5*s + k = 0. Let d(a) = -2*a**2 - a - 1. What is d(g)?
-7
Let h(s) = s + 11. Let b be ((-2)/6)/((-2)/(-30)). Determine h(b).
6
Suppose 3*g - 2 = 1. Let c(p) = 4*p**3 + p**2 - 1. Let r(v) = -3*v**3 - v**2 + 1. Let w(m) = 4*c(m) + 3*r(m). Give w(g).
7
Let d(t) be the third derivative of -1/30*t**5 - 1/24*t**4 + 0 + 1/720*t**6 + t**2 + 0*t + 0*t**3. Let c(k) be the second derivative of d(k). Calculate c(3).
-1
Let s be (-15)/(-9) + 1/3. Let w(h) = -4*h**2 + s*h**2 + h**3 - 2 + 6*h**2. Calculate w(-4).
-2
Let p(l) = -8*l. Let x(k) = 6 - 23*k - 3 - 3. Let f(y) = -8*p(y) + 3*x(y). Suppose 5*n = n + 4. Give f(n).
-5
Let r(p) be the third derivative of p**6/60 - 7*p**2. What is r(-2)?
-16
Let n(s) = -s - 10. Let r be 2/1*-1 - 4. Determine n(r).
-4
Let x(v) = 12*v**3 - 2*v**2 + 1. Let t be (2/(-5))/((-10)/50). Suppose -p + t = 1. Determine x(p).
11
Let v(n) = -4*n**2 + 7*n - 1. Let b(p) = -p**2 + p. Let x(m) = 5*b(m) - v(m). Suppose 4 = -4*t, -17 - 24 = 5*g - 4*t. Let l = 5 + g. Calculate x(l).
-7
Let v(g) = 5*g**2 + g - 13*g**2 + 10 + 0 + g**3. What is v(8)?
18
Let r(b) = -b**2 + 4*b + 3. Let c be r(4). Let k = 6 - c. Let w = k - -1. Let l(g) = -g**3 + 4*g**2 + g - 5. What is l(w)?
-1
Let c(n) = -7 - 2*n**2 + n**2 - 3*n + 3. Let u = -15 + 11. Calculate c(u).
-8
Let o(h) = -2*h**2 + 8*h**2 - 5*h**2 + 9*h + 6. Determine o(-9).
6
Let l(t) be the third derivative of t**6/120 - t**5/30 + t**3/6 - 5*t**2. What is l(-1)?
-2
Let h = 1501/10 + -150. Let i(d) be the second derivative of 1/6*d**4 + 0 - d + h*d**5 + 1/2*d**2 - 1/3*d**3. Calculate i(1).
3
Let z(f) = f**2 + 8*f - 11. Let s be 9/(-36) + ((-93)/(-4))/(-3). Determine z(s).
-11
Let r(p) be the third derivative of p**5/60 - p**4/8 + p**3/2 - 10*p**2 - 1. Calculate r(5).
13
Suppose -3*u + 8*u = -4*i + 18, 10 = 5*i. Let h(g) be the first derivative of -u + 0*g**3 + g**4 + 1/2*g**2 + g. What is h(-1)?
-4
Let a(m) = -m**2 - 5*m - 6. Let n be -3*(8/(-12) - -2). Calculate a(n).
-2
Let p be (1 + 1)/(-8 - -7). Let h(n) be the first derivative of n**3/3 - n**2 + n - 1. Determine h(p).
9
Let p(c) = -7*c - c**2 + 0*c + 4*c**2. Let y(d) = d**2 - d. Let i be (-15)/4 + (-2)/8. Let q(k) = i*y(k) + p(k). Calculate q(-2).
2
Let v(s) = 0 - 2*s + 4 + s**3 - 3. Suppose 0 = -5*z + 5*g - 10, -4*g + 18 = -z + 2*z. Calculate v(z).
5
Let j = 62 + -66. Let u(w) = -4*w - 6. What is u(j)?
10
Let j(s) = -4*s - 4. Let x(l) = -7*l - 8. Let f(r) = -5*j(r) + 3*x(r). Give f(-6).
2
Let m be (3/2)/((-1)/(-2)). Let v(c) be the first derivative of c**2/2 - 7*c + 2. What is v(m)?
-4
Let o(r) = -5*r**2 - r - 1. Let s(u) = u**2 + 13*u + 2. Let d be s(-13). Suppose -4*a = d + 2. Give o(a).
-5
Let s(q) = -7*q**3 - 2*q - 1. Suppose 4 = m + 5. Let c be (-3 - -2)/(-1)*m. What is s(c)?
8
Let n(f) = -3*f**2 + 3*f + 6. Let p(o) = -o**2 + o + 2. Let t(w) = -3*n(w) + 8*p(w). Calculate t(-3).
10
Let y(q) = 15*q**3 + 2*q**2 + 7*q - 2. Let t(n) = -7*n**3 - n**2 - 3*n + 1. Let o(v) = 13*t(v) + 6*y(v). Calculate o(-2).
-1
Suppose q - 4*h - 2 + 18 = 0, h - 17 = -3*q. Let s(o) = -o + 1. Let j(n) = 2 - 1 - 2*n - 2*n. Let v(b) = -j(b) + 5*s(b). Give v(q).
0
Let q be 2/5 + (-437)/(-95). Let g(s) = 2*s - 6. What is g(q)?
4
Suppose j + 2 = 3. Let p(r) = 5*r**2 + 2*r - 1. What is p(j)?
6
Let p(i) = -2*i**3 + 4*i**2 + 3*i - 1. Let v(h) = -h**3. Let f(r) = -p(r) + 3*v(r). What is f(-3)?
1
Let r(p) = p**3 - 2*p**2 + 2*p - 1. Let f be r(2). Let i(q) be the third derivative of 0 - 1/2*q**3 + 7/24*q**4 + 3*q**2 - 1/60*q**5 + 0*q. Determine i(f).
9
Let f(h) be the third derivative of h**6/120 + h**5/20 - 5*h**4/24 - 2*h**3/3 + 5*h**2. Give f(-4).
0
Let p(t) = t**3 + 6*t**2 + 4*t + 1. Let n be p(-5). Suppose -4*c + c + 23 = -2*r, r - 4*c + 24 = 0. Let x = r + n. Let f(b) = -b - 2. What is f(x)?
-4
Let v(l) = 2 + l**2 - l + 2*l**3 - 1 - l**3. Let c(y) = 2*y - 3. Let x(a) = -2*a + 4. Let p(w) = 4*c(w) + 3*x(w). Let u be p(-1). What is v(u)?
-1
Let k(s) be the third derivative of s**6/120 + s**5/15 - s**4/8 + s**3 - 2*s**2. Calculate k(-5).
-4
Let o be 1/(((-4)/8)/1). Let v be ((-8)/(-10))/(o/(-15)). Let u(y) = -y**2 + 9*y - 6. Give u(v).
12
Let s(n) = -n + 3. Suppose -5*t - 2*w - 12 = 0, -2*t = -7*t + w - 24. Let p be 20/3*78/(-52). Let x = t - p. Give s(x).
-3
Suppose 0 = -0*t + 4*t - 20. Let z(l) be the second derivative of l**3/6 - 3*l**2 - 2*l - 111. Determine z(t).
-1
Let z(o) = 3*o + 4*o + 1 - 6*o - o**2. Let d be z(-1). Let u(t) = -6*t - 1. What is u(d)?
5
Let f(m) = -m**3 - 3*m**2 - 3*m. Let n be f(-2). Let o(x) be the second derivative of 0*x**3 + 0 + 0*x**2 + x + 1/12*x**4 - 1/20*x**5. Calculate o(n).
-4
Let v = 8 - 4. Let o(f) = -5*f**2 - 8*f + 3. Let m(w) = 9*w**2 + 15*w - 5. Let b be 1 - 2 - 12/(-1). Let i(s) = b*o(s) + 6*m(s). What is i(v)?
-5
Let s(v) = -v**2 - 1. Let q(h) = -h**2 - 3*h + 4. Let f be q(-4). Suppose f*d - 4 = -2*d. Give s(d).
-5
Let m(z) = -2*z + 3*z + 0*z - 2*z**2 + 1 + 3*z**3. Determine m(2).
19
Let s(g) = g**3 - 5*g**2 + 7. Let f(x) = x**3 - 3*x**2 + x. Suppose 2*q - 3 - 1 = 0. Let i be f(q). Let u(v) = -3*v - 1. Let t be u(i). Give s(t).
7
Let l(k) = k**3 - 6*k**2 + 1. Let c be l(6). Let u(j) be the first derivative of 1/3*j**3 - 3/2*j**2 - c - 7*j. Determine u(5).
3
Let u(i) = -i**2 - 3*i + 7. Let o(j) = j**2 + 4*j - 7. Let r(x) = 3*o(x) + 2*u(x). Calculate r(-5).
-12
Let w(t) = -t**3 - 5*t**2 + 2*t + 7. Suppose x + 3*y = 26, -2*y + 64 = 4*x - x. Suppose -4*o = -2*a + x, 7*a - 3*a = 0. Calculate w(o).
-3
Let d(w) = 4*w**3 - 2*w**2 + 2*w - 3. Let c be d(2). Suppose -r - c = -6*r. Let i(n) = 3*n - 5. What is i(r)?
10
Let t be (-5 - -8)*(-1 + -1). Let o(f) = -f + 3. Give o(t).
9
Let c(a) = -7*a**3 - 7*a - 12. Let o(p) = 6*p**3 - p**2 + 6*p + 11. Let m(i) = 5*c(i) + 6*o(i). Calculate m(5).
-14
Let g(s) = 5*s + 0 + 0*s**2 - 3 + s**2 - s. Suppose -3*q + 21 = -a, q + 10 = -5*a - 3*q. What is g(a)?
9
Let m(x) = 2*x**2. Suppose -13 = -4*i - 45. Let q be i/5 + (-6)/15. Determine m(q).
8
Let l(i) = -5*i + 7*i + 0*i. Give l(5).
10
Suppose 0 = 2*x - 4*g - 4 - 14, -2*x - 2*g = 0. Suppose x*n = -2*n + 25. Let m = -3 + n. Let i(q) = q**3 - 3*q**2 + 3*q - 3. What is i(m)?
-1
Let q(x) be the third derivative of x**6/120 - x**5/15 + x**4/24 + x**3/3 + x**2 + 9. Determine q(4).
6
Suppose -4*z = 5*s - 10, 3*s - s - 2*z = 22. Let x be s + 1 + (-21)/7. Let w(d) = -d + 5. Calculate w(x).
1
Suppose -37 = -4*j + 5*c, 0 = 2*j - 2*c - 20 + 4. Let s(p) = -p**3 - p**2 + 2*p - 1. Give s(j